{"id":12,"date":"2015-04-29T13:54:31","date_gmt":"2015-04-29T11:54:31","guid":{"rendered":"http:\/\/mlw-art.de\/wp\/?page_id=12"},"modified":"2021-10-10T15:21:39","modified_gmt":"2021-10-10T13:21:39","slug":"legal","status":"publish","type":"page","link":"https:\/\/mlw-art.de\/?page_id=12","title":{"rendered":"Impressum"},"content":{"rendered":"<p><strong>Impressum<\/strong><\/p>\n<p><strong>Angaben gem\u00e4\u00df $ 5 TMG:<\/strong><\/p>\n<p>Marie-Luise Ippich Farbe &amp; Design<\/p>\n<p>Weinbergstr. 4\/1<\/p>\n<p>74343 Sachsenheim<\/p>\n<p><strong>Kontakt:<\/strong><\/p>\n<p>Telefon: +49(0) 7046 2605 Fax: +49(0) 7046 881303<\/p>\n<p>E-Mail: <a href=\"mailto:marie-luise.ippich@t-online.de\">marie-luise.ippich@t-online.de<\/a><\/p>\n<p>Internet: <u><a href=\"http:\/\/www.mlw-art.de\">www.mlw-art.de<\/a><\/u><\/p>\n<p><strong>Umsatzsteuer-ID: <\/strong>Umsatzsteuer-Identifikationsnummer 627 a Umsatzsteuergesetz: DE268924949<\/p>\n<p><strong>Angaben zur Berufshaftpflichtversicherung: <\/strong>Name und Sitz der Gesellschaft: W\u00fcrttembergische Versicherung AG Stuttgart-Westl. Gutenbergstra\u00dfe 30<\/p>\n<p><strong>Inhaltlich Verantwortlicher gem\u00e4\u00df \u00a7 55 Abs. 2 RStV: <\/strong>Marie-Luise Ippich (Anschrift wie oben) Die Inhalte von www.mlw-art.de sind \u2013 soweit nicht abweichend angegeben \u2013\u00a0 urheberrechtlich gesch\u00fctzt. Verwendete Fotografien sind ggf. mit Bildnachweisen gekennzeichnet oder unten aufgef\u00fchrt, soweit sie nicht selbst angefertigt wurden.<br \/>\nDie Verwendung von Fotografien auf Drittseiten ist nur im Rahmen der jeweiligen Lizenz der Urheber m\u00f6glich.<\/p>\n<p><strong>Fotos<\/strong>: Klaus Ippich, Joachim Rommel<\/p>\n<p><strong>Webseitenaufbau<\/strong>: Jan Meier, Joachim Rommel<\/p>\n<p><strong>Webseitengestaltung<\/strong>: Marie-Luise Ippich<\/p>\n","protected":false},"excerpt":{"rendered":"<p>Impressum Angaben gem\u00e4\u00df $ 5 TMG: Marie-Luise Ippich Farbe &amp; Design Weinbergstr. 4\/1 74343 Sachsenheim Kontakt: Telefon: +49(0) 7046 2605 Fax: +49(0) 7046 881303 E-Mail: marie-luise.ippich@t-online.de Internet: www.mlw-art.de Umsatzsteuer-ID: Umsatzsteuer-Identifikationsnummer 627 a Umsatzsteuergesetz: DE268924949 Angaben zur Berufshaftpflichtversicherung: Name und Sitz der Gesellschaft: W\u00fcrttembergische Versicherung AG Stuttgart-Westl. Gutenbergstra\u00dfe 30 Inhaltlich Verantwortlicher gem\u00e4\u00df \u00a7 55 Abs. 2 [&hellip;]<\/p>\n","protected":false},"author":1,"featured_media":0,"parent":0,"menu_order":0,"comment_status":"open","ping_status":"open","template":"","meta":{"footnotes":""},"class_list":["post-12","page","type-page","status-publish","hentry"],"aioseo_notices":[],"_links":{"self":[{"href":"https:\/\/mlw-art.de\/index.php?rest_route=\/wp\/v2\/pages\/12","targetHints":{"allow":["GET"]}}],"collection":[{"href":"https:\/\/mlw-art.de\/index.php?rest_route=\/wp\/v2\/pages"}],"about":[{"href":"https:\/\/mlw-art.de\/index.php?rest_route=\/wp\/v2\/types\/page"}],"author":[{"embeddable":true,"href":"https:\/\/mlw-art.de\/index.php?rest_route=\/wp\/v2\/users\/1"}],"replies":[{"embeddable":true,"href":"https:\/\/mlw-art.de\/index.php?rest_route=%2Fwp%2Fv2%2Fcomments&post=12"}],"version-history":[{"count":64,"href":"https:\/\/mlw-art.de\/index.php?rest_route=\/wp\/v2\/pages\/12\/revisions"}],"predecessor-version":[{"id":3103,"href":"https:\/\/mlw-art.de\/index.php?rest_route=\/wp\/v2\/pages\/12\/revisions\/3103"}],"wp:attachment":[{"href":"https:\/\/mlw-art.de\/index.php?rest_route=%2Fwp%2Fv2%2Fmedia&parent=12"}],"curies":[{"name":"wp","href":"https:\/\/api.w.org\/{rel}","templated":true}]}}